divisor of 1147800 and 840.
120
Calculate the greatest common divisor of 72413 and 319.
319
What is the greatest common factor of 19670 and 665?
35
Calculate the highest common divisor of 92904 and 441.
147
Calculate the greatest common factor of 293734 and 826.
14
Calculate the highest common divisor of 121472 and 52.
52
Calculate the highest common divisor of 11643 and 123.
3
Calculate the greatest common divisor of 360 and 201510.
90
Calculate the greatest common divisor of 5634 and 1662.
6
What is the highest common divisor of 3132 and 5?
1
Calculate the highest common factor of 157345 and 5.
5
What is the greatest common divisor of 1491 and 357?
21
Calculate the highest common factor of 476 and 1751.
17
What is the highest common divisor of 925 and 41255?
185
What is the greatest common divisor of 64294 and 1952?
122
Calculate the highest common divisor of 4420 and 60710.
130
What is the highest common factor of 41145 and 165?
15
What is the highest common factor of 380 and 2137690?
190
Calculate the greatest common factor of 4445 and 56.
7
What is the greatest common factor of 53438 and 182?
14
What is the highest common divisor of 1024 and 174336?
256
What is the greatest common divisor of 20 and 373945?
5
What is the highest common divisor of 3357 and 1899?
9
Calculate the greatest common divisor of 151748 and 7073.
643
What is the greatest common divisor of 1931 and 61792?
1931
Calculate the highest common factor of 970 and 1670.
10
Calculate the greatest common divisor of 70448 and 224.
112
Calculate the highest common divisor of 68810 and 42.
14
What is the greatest common factor of 7315 and 1818509?
1463
Calculate the greatest common factor of 3226853 and 35.
7
What is the greatest common factor of 51 and 702134?
17
Calculate the greatest common divisor of 252 and 109179.
63
What is the greatest common factor of 456550 and 100?
50
What is the greatest common factor of 2128 and 201362?
266
What is the greatest common factor of 26 and 3208153?
13
Calculate the highest common factor of 276 and 9292.
92
What is the greatest common factor of 91901 and 29?
29
Calculate the greatest common divisor of 67 and 209375.
67
What is the greatest common factor of 213 and 9088?
71
What is the greatest common factor of 55 and 252593?
11
What is the highest common divisor of 718 and 289713?
359
Calculate the greatest common factor of 4114 and 34952.
34
What is the greatest common divisor of 91 and 30653?
7
What is the greatest common divisor of 832 and 245908?
52
What is the greatest common factor of 40 and 431950?
10
Calculate the greatest common divisor of 36900 and 17958.
246
What is the highest common divisor of 18 and 830259?
9
What is the highest common factor of 81 and 5898393?
27
What is the highest common factor of 192205 and 65?
65
Calculate the highest common divisor of 1666 and 275723.
833
Calculate the greatest common factor of 423415 and 95.
95
Calculate the greatest common divisor of 480124 and 116.
116
What is the greatest common factor of 16413498 and 36?
18
What is the highest common divisor of 153028 and 201?
67
What is the greatest common divisor of 5198 and 598?
46
What is the greatest common divisor of 10191 and 27018?
237
Calculate the highest common factor of 77 and 781.
11
What is the greatest common divisor of 95974 and 376?
94
What is the highest common divisor of 3087 and 1488963?
1029
What is the greatest common factor of 9292 and 782?
46
Calculate the highest common divisor of 27 and 53.
1
What is the highest common factor of 256 and 179264?
64
What is the highest common factor of 3507 and 661821?
501
Calculate the greatest common factor of 672 and 2812656.
336
What is the highest common divisor of 1274 and 27118?
182
Calculate the highest common divisor of 8134640 and 92.
92
Calculate the greatest common divisor of 3979080 and 240.
120
What is the highest common divisor of 35720 and 6840?
760
Calculate the greatest common divisor of 73434 and 4.
2
Calculate the greatest common factor of 144623 and 203.
29
Calculate the greatest common factor of 44590 and 2730.
910
Calculate the greatest common factor of 539 and 1958.
11
What is the greatest common factor of 8750 and 1960?
70
Calculate the greatest common factor of 1701 and 392.
7
Calculate the highest common divisor of 4564 and 112.
28
What is the greatest common factor of 775709 and 679?
97
Calculate the greatest common factor of 70 and 18040.
10
What is the greatest common factor of 14948 and 190284?
404
Calculate the highest common divisor of 31920 and 1785.
105
Calculate the greatest common divisor of 294 and 97608.
294
What is the highest common factor of 41614 and 16?
2
Calculate the highest common factor of 204 and 44540.
68
What is the greatest common divisor of 101763 and 351?
27
What is the greatest common factor of 1968288 and 24?
24
Calculate the greatest common divisor of 38336 and 107221.
599
Calculate the highest common divisor of 360 and 178185.
15
Calculate the highest common factor of 302332 and 8.
4
What is the highest common factor of 244 and 124684?
244
What is the greatest common divisor of 51546 and 1375?
11
What is the greatest common divisor of 2 and 53759?
1
What is the greatest common factor of 206712 and 108?
108
What is the greatest common divisor of 391 and 38981?
17
Calculate the highest common divisor of 80 and 2954368.
16
What is the highest common factor of 8804 and 2356?
124
What is the highest common divisor of 27319 and 17?
17
Calculate the highest common divisor of 576 and 6093.
9
Calculate the highest common factor of 2166 and 7296.
114
Calculate the greatest common divisor of 36470 and 190.
10
What is the greatest common divisor of 23552 and 185344?
1024
What is the greatest common divisor of 2761817 and 46?
23
Calculate the highest common factor of 92 and 191820.
92
Calculate the highest common divisor of 52590 and 318.
6
Calculate the greatest common divisor of 28 and 320761.
7
Calculate the highest common factor of 1771 and 126.
7
Calculate the highest common divisor of 77384 and 28696.
136
Calculate the highest common divisor of 44 and 40876.
44
What is the greatest common divisor of 2807 and 343?
7
Calculate the highest common divisor of 20190 and 9240.
30
Calculate the greatest common divisor of 1453 and 3.
1
Calculate the greatest common divisor of 131254 and 77314.
1798
Calculate the greatest common factor of 12528 and 15552.
432
What is the highest common divisor of 462 and 27566?
154
What is the highest common divisor of 149617 and 9724?
221
What is the greatest common divisor of 263 and 1048055?
263
What is the highest common divisor of 109556 and 3904?
244
What is the highest common divisor of 6821 and 380?
19
Calculate the highest common divisor of 7312 and 8704.
16
What is the greatest common factor of 4228 and 7248?
604
What is the highest common divisor of 33 and 18003?
3
Calculate the highest common factor of 9577 and 5181.
157
Calculate the highest common factor of 531 and 9081.
9
What is the greatest common divisor of 159 and 31641?
159
Calculate the greatest common factor of 264 and 4274952.
264
What is the highest common factor of 342177 and 66?
33
Calculate the highest common divisor of 804 and 13236.
12
What is the greatest common factor of 63 and 106988?
7
Calculate the greatest common factor of 287 and 3661.
7
Calculate the greatest common factor of 77484 and 264.
132
What is the highest common divisor of 465 and 1546683?
93
Calculate the highest common divisor of 224 and 159952.
16
Calculate the highest common divisor of 3003 and 317499.
273
Calculate the highest common factor of 108 and 197937.
27
What is the highest common factor of 1283 and 2?
1
Calculate the greatest common divisor of 408 and 296.
8
What is the highest common divisor of 603681 and 26?
13
What is the greatest common factor of 48 and 4986?
6
Calculate the greatest common divisor of 1932 and 17572.
92
What is the highest common factor of 138296 and 72664?
2344
What is the greatest common factor of 40 and 149020?
20
What is the highest common factor of 38180 and 34030?
830
What is the highest common divisor of 94218 and 12?
6
Calculate the highest common divisor of 2835 and 141645.
105
What is the highest common factor of 1086 and 4